inder when 39 is divided by c?
19
Let i(y) = -y**3 + y**2 + 63. Let o be i(0). Let v = 18 + -14. Suppose -v*z + o = -85. Calculate the remainder when z is divided by 13.
11
Let z = 15 + -2. What is the remainder when z is divided by 8?
5
What is the remainder when -2*(1 - 84/8) is divided by 11?
8
Suppose 3*j + 0*a = -3*a + 42, -j - 2*a + 17 = 0. Calculate the remainder when 42 is divided by j.
9
What is the remainder when 3 is divided by (-8)/(-12) + (-3)/(-9)?
0
Let d(s) = 2*s + 8. What is the remainder when d(12) is divided by 17?
15
Suppose 5*h - 3*o - 55 = -o, 0 = -4*o + 20. What is the remainder when (190/(-15))/((-2)/6) is divided by h?
12
Let c = 8 + -3. Suppose -g - 4*s - 3 = 0, 5*g + 4*s - 55 = 10. Calculate the remainder when g is divided by c.
2
Suppose -l = 3*l - 4. What is the remainder when (1/3)/((-1)/(-6)) is divided by l?
0
Let j be 32/(-8)*(-2)/2. Let r(v) = 2*v**2 - 3*v - 1. Calculate the remainder when 75 is divided by r(j).
18
Suppose 3*x - 3*j = 2*j + 22, 28 = 5*x - 4*j. Suppose 5*b + 3*s = 13, 5*b - 21 = 4*s - 5*s. What is the remainder when b is divided by x?
1
Let g = 20 - -12. Let o(h) = -21*h - 1. Let s be o(1). Calculate the remainder when g is divided by ((-3)/(-6))/((-1)/s).
10
Let b(o) = 8*o + 2. Suppose 2*t - 4*k + 0*k = 2, 3*t - 4*k = 11. Calculate the remainder when b(3) is divided by t.
8
Let x(z) = -8*z + 3. Suppose 0 = 4*b - j - 311, 3*b - 3*j - 387 = -2*b. Calculate the remainder when b is divided by x(-3).
24
What is the remainder when 13 is divided by 32/20*(-5)/(-2)?
1
Suppose -2*u - 30 = -l, -3*l - 56 = -4*u - 138. Calculate the remainder when 41 is divided by l.
19
Let i(z) = -2*z**3 - z**2 - 2*z - 2. Let m = -16 - -57. Calculate the remainder when m is divided by i(-2).
13
Suppose t - 131 = 69. What is the remainder when t is divided by 51?
47
Calculate the remainder when 33 is divided by (-2)/(-4)*-1*-24.
9
Suppose 4*l = 4 - 20. Let w(k) = k**2 + 4*k - 2. Let o be w(l). What is the remainder when 29 is divided by (-5 - o) + (11 - -2)?
9
Suppose -5*m = -171 + 16. Calculate the remainder when m is divided by 11.
9
Suppose 2*s + 2*q = s - 2, -s = -q - 4. Suppose s*x - 15 = w, 2*x - 12 - 8 = 2*w. Suppose -x*d = -0*d - 10. What is the remainder when 6 is divided by d?
0
Let n = 7 + 3. Let g(h) = -h**3 + 4*h**2 + 5*h + 5. Let q be g(5). Calculate the remainder when n is divided by 3/5 + 27/q.
4
Suppose j + 15 = 3. Let p be 20/6*12/10. Calculate the remainder when j/p - -31*1 is divided by 10.
8
Suppose -2*v - h + 86 = -37, -3*v = 3*h - 183. Calculate the remainder when v is divided by 4.
2
Suppose -20 = -4*k + 9*k. Let l be (6/8)/((-1)/k). Suppose l*u = 4*u - 11. What is the remainder when u is divided by 6?
5
Let y = 19 - 7. Suppose -2*x + 102 = -4*u, -3 = u - 0. Calculate the remainder when x is divided by y.
9
Let i = 43 - -33. Calculate the remainder when i is divided by 39.
37
Let w be 2/(-2 - -3 - 2). What is the remainder when 2 is divided by ((-24)/(-30))/(w/(-5))?
0
Suppose 23 = o - 0*o. Calculate the remainder when o is divided by 5.
3
Suppose -i - 3 = -16. Let d = -57 - -65. What is the remainder when i is divided by d?
5
Let y(a) = a + 145. Let z be y(0). Let b = 1 - -1. Suppose b*h = -0*h + 10, -5*g - h = -z. What is the remainder when g is divided by 15?
13
Let d be ((-10)/(-25))/(1/5). Let y(x) = -5*x**d + 0*x**2 - 2 - 7*x - x**3 - 3. What is the remainder when y(-4) is divided by 5?
2
Let j(q) = -q + 4. Let v be j(2). Let f(t) = 5*t**2 - 7*t + 0*t**2 - 1 - 3*t**v. What is the remainder when f(7) is divided by 17?
14
Let u = 0 + 4. Suppose 4*l - 30 - 14 = 0. What is the remainder when l is divided by u?
3
Let c(p) = 47*p + 17. Calculate the remainder when c(3) is divided by 32.
30
Let r = 16 + -4. Suppose 5*u = -j + 35, 21 = u + 2*u + 4*j. What is the remainder when r is divided by u?
5
Let f(o) = -5*o - 6. Let z be f(-4). Suppose -2*m + z = -0*m. Suppose 5*x - 5 = 130. Calculate the remainder when x is divided by m.
6
Let o(i) = -i**2 + 8*i + 2. Let p be o(8). Let f(h) = 7*h**2 + 2*h - 3. Calculate the remainder when f(p) is divided by ((-1)/1)/1 + 11.
9
What is the remainder when 44 is divided by ((-3)/20 - (-5)/(-20))*-60?
20
Calculate the remainder when ((-3976)/168)/(2/((-12)/2)) is divided by 9.
8
Suppose -2*r + w = -2*w - 13, -5*w = -2*r + 19. Let j(t) = -t**2 - 11*t - 1. Calculate the remainder when j(-9) is divided by 364/63 + r/9.
5
Let g = 18 - 16. Let k(f) = -f**3 + f**2 + f. What is the remainder when g is divided by k(-1)?
0
Suppose 3*v + v - 136 = 0. Suppose -3*d + 33 = 6. Let j(c) = -c**3 + 10*c**2 - 7*c - 6. Calculate the remainder when v is divided by j(d).
10
What is the remainder when -16*92/(-40) - (-1)/5 is divided by 10?
7
Let t = -4 + 10. Suppose -2*s + 66 = t. What is the remainder when 58 is divided by s?
28
Suppose 4*u = -0*r - 5*r + 168, 165 = 5*u - 5*r. Suppose 2*o + 26 = 4*o. What is the remainder when u is divided by o?
11
Let y = -1 - -5. Let i(a) = -a**3 + 6*a**2 - 4*a - 4. Calculate the remainder when i(y) is divided by 5.
2
Let h = -19 + 22. Calculate the remainder when 118/4 - h/(-2) is divided by 17.
14
Suppose 2*v = -86 - 26. Let y = 29 - v. Calculate the remainder when y is divided by 29.
27
Suppose 5*k + 0*k = 45. Let x(b) = -b + 38. Calculate the remainder when x(4) is divided by k.
7
Let h(n) = -n**2 + 11*n - 6. Let l = -13 - -23. Let y be h(l). Let x = 30 - y. What is the remainder when x is divided by 14?
12
Let a(o) = o**2 + 8*o - 7. Let s = -19 - -10. Let c be a(s). Suppose 0 = c*f + f - 9. Calculate the remainder when 4 is divided by f.
1
Let j = 61 - 24. What is the remainder when j is divided by 13?
11
What is the remainder when 19 is divided by 1/3 - 456/(-36)?
6
Suppose -m + 19 = 3*y + y, -2*m + 11 = -y. What is the remainder when 103 is divided by m?
5
Suppose 48 = 9*l - 78. Calculate the remainder when 23 is divided by l.
9
Let o be 6/(-9) - (-4)/(-3). Let b = 6 + o. Calculate the remainder when 135/12 - 1/4 is divided by b.
3
Let j(d) = -d + 7. Suppose -6*z = -3*z. Calculate the remainder when 12 is divided by j(z).
5
Let q(a) = a + 2. Let p be q(-4). Let u = p - -4. Calculate the remainder when 2 is divided by u.
0
Let d = -54 + 58. What is the remainder when 4 is divided by d?
0
Let b(u) = u**2 - 2*u - 4. Let p be b(5). Let m = p - 8. Calculate the remainder when 13 is divided by m.
1
Suppose t = -3, -r - 2*t = -5*t - 54. What is the remainder when r is divided by 16?
13
Suppose 1 - 3 = -b. Calculate the remainder when 7 is divided by b.
1
Suppose 0 = -3*c + 2*c + 3. What is the remainder when 12 is divided by c - 1 - 5/(-1)?
5
Let x(j) = j**3 + 12*j**2 - 13*j + 14. Let a be ((-13)/3)/((-2)/(-6)). What is the remainder when 40 is divided by x(a)?
12
Suppose 4 + 21 = 2*f - 3*m, 4*m - 80 = -3*f. Calculate the remainder when 58 is divided by f.
18
Let m = 26 + -22. Calculate the remainder when 14 is divided by m.
2
Suppose 0 = -7*g + 25 + 171. What is the remainder when 80 is divided by g?
24
Let z(s) = s**2 - 4 - 21 + 7. Let y be z(0). Calculate the remainder when 17 is divided by -1 - (-1 - y/(-3)).
5
Suppose -2*v + 58 - 28 = 0. What is the remainder when v is divided by 4?
3
Let v(n) = n**3 - 6*n**2 + 5*n + 7. Suppose -2*y + 36 = 4*j, -y + 7 = 4*j - 19. Calculate the remainder when v(6) is divided by y.
7
Let g = 62 + -41. What is the remainder when 61 is divided by g?
19
Let d(x) = x**2 - 5*x + 3. Let v be d(8). Suppose 3*b - v = 132. What is the remainder when b is divided by 27?
26
Let i(g) = 43*g - 3. Suppose v = 19 + 2. What is the remainder when i(2) is divided by v?
20
Suppose 5*b - 46 = 4*w, 2*b = 4*w - 0*b + 52. Let i = w - -23. Let x(q) = 2*q**2 + 9*q + 8. Calculate the remainder when x(-6) is divided by i.
8
Suppose -2*t + 26 - 10 = 0. What is the remainder when t is divided by 5?
3
Let g(q) = 5*q**3 - 3*q**2 - 2*q + 5. What is the remainder when 55 is divided by g(2)?
26
Let p = -76 + 86. What is the remainder when (-2)/(-6) + 113/3 is divided by p?
8
Suppose -t + 2*t = 40. Let n = 2 + t. Calculate the remainder when n is divided by 22.
20
Calculate the remainder when 69 is divided by (14/1 - 1) + -4.
6
Suppose 0 = -6*r + 126 + 36. What is the remainder when r is divided by 11?
5
Suppose 0 = -2*i + 3*s - 7, -2*i - 3 =